pose -c = u - 3*u - v, -5*u = 5*c - 95. What is the tens digit of c?
2
Let b be (960/(-3))/((-2)/4). Suppose -h + b = h. What is the tens digit of h?
2
What is the units digit of 8/(40/135445) - 18?
1
Let f(s) = s**3 - 6*s**2 + 10*s - 6. Let g be f(4). Let u be g + -1 - 5 - -1544. Suppose 0 = 18*n - u - 1952. What is the units digit of n?
4
Let t = 2628 + 14910. What is the thousands digit of t?
7
Let p(z) = 12*z + 106. Let m be p(10). Suppose 4*i = d - 147 - 97, -d - 5*i = -m. What is the tens digit of d?
3
Suppose 441*g + 5841813 - 8780837 = 19789234. What is the units digit of g?
8
Suppose 17 - 201 = -2*r. Suppose 7*t - 9*t + r = 0. Suppose 2*b = 112 + t. What is the units digit of b?
9
Suppose 0 = 14*w - 16*w + 13984. Suppose -2368 = 16*x - w. What is the tens digit of x?
8
Let a = 74 + -70. Suppose 5*m + 5*s - 105 = 0, -2*s = a*m - 1 - 73. What is the tens digit of m?
1
Suppose -4*c - 43318 = -9*c + 12*a, 20 = -5*a. What is the units digit of c?
4
Let u = 388 + -13. Suppose -3*o + 2157 = -u. Suppose 2*b = 4*i - 3*b - o, 0 = 3*i + b - 652. What is the hundreds digit of i?
2
What is the hundreds digit of (25204/(-6))/(11 - 2793/252)?
4
Suppose -10 = -6*h + 2. Let b be ((-2705)/5*h)/(-2). Let i = b + -344. What is the tens digit of i?
9
Suppose 30*r - 67520 - 7360 = 0. What is the thousands digit of r?
2
Suppose 0 = 39*b + 82899 - 215304. Suppose 2*r - b = -3*r - w, 4*r = w + 2716. What is the tens digit of r?
7
What is the thousands digit of ((-72)/(-40))/(-7 - 603080/(-86150))?
5
Let d = 62 - 60. Suppose 5*h = -d*b + b + 299, -h + 953 = 3*b. Suppose 2*y - 260 = -a - 3*a, 5*a = -4*y + b. What is the units digit of a?
7
Let b(s) = -38672*s - 153. What is the ten thousands digit of b(-1)?
3
Let m = -47 + 51. Let p be 12/m*65 - -1. What is the units digit of 24024/p - 6/(-14)?
3
Suppose j - 2*t = -j + 612, -t = 4*j - 1199. What is the tens digit of j?
0
Suppose 0 = -109*w + 221*w - 133*w + 820806. What is the tens digit of w?
8
What is the units digit of 2/(-7) + (-2112274)/(-329) + (6 - 0)?
6
Let q be (1*2)/(7/14). Let k(l) = -l**2 + 6*l + 57. Let z be k(0). What is the tens digit of (-66)/q*(-266)/z?
7
Let h(g) = -3*g**2 - 4*g + 7. Let k be h(-5). Let v = k + 44. What is the hundreds digit of ((-344)/12*1)/(v/18)?
1
Suppose -2*y = 3*y - 3*v - 66, -y + v = -14. Suppose -h = -5*o + y, -4*h + 9 = 5*o - 18. What is the units digit of (-193)/(1*(-3)/o)?
3
Let i(w) = 2*w + 647. Let j be i(0). Suppose -2*q = -5*q - 4*b + 655, 0 = 3*q + 2*b - j. What is the tens digit of q?
1
Let b(f) = -5*f**2 - 27*f - 7. Let p(v) = v**3 - 20*v**2 - 46*v + 41. Let y be p(22). What is the units digit of b(y)?
9
Suppose n - 5*l = 17, -4*n - l + 43 = 4*l. Suppose 28*k = 25*k + n. Suppose -2*c + 197 + 86 = -3*y, 0 = -k*c - y + 587. What is the units digit of c?
6
Let i = 4851 - -2851. What is the thousands digit of i?
7
Let f(h) = 705*h**2 + 1. Let z = -14 - -13. What is the tens digit of f(z)?
0
Let w(s) be the second derivative of 3*s**5/20 - 3*s**3 + 7*s**2/2 + 3*s. Suppose -v + 30 = -37*m + 42*m, -4*m = -5*v + 5. What is the units digit of w(m)?
2
Let f(j) = 6169*j**2 - 61*j. What is the thousands digit of f(-1)?
6
Let c be 14/((16 - -4)/4 + -3). Suppose c*b - 2*b + r = 2305, -2*r = -5*b + 2320. What is the tens digit of b?
6
Suppose 5*w + 98 = -4*z + 403, 5*z - 122 = -2*w. Let i = w - 60. What is the tens digit of (5 + -7)*i*(-163)/2?
6
Let k = -506 + 982. What is the units digit of 4/(-22) - k/(-77)?
6
Suppose -20413 = -8*z - 8721 + 9524. What is the hundreds digit of z?
6
Suppose 0 = 5*w - 5*h - 55, 3*h - 40 - 23 = -3*w. Let i = w - -5. Let l = i + -7. What is the units digit of l?
4
Let i be 6/(-3)*(-522)/(-4). Let u = i + 594. What is the units digit of u?
3
Let g(a) = -2*a**3 - 53*a**2 + 137*a + 78. What is the thousands digit of g(-35)?
6
Let p(h) = 607*h + 7305. What is the hundreds digit of p(122)?
3
Let g(m) = -10*m**2 + 9*m + 6. Let a(j) = -11*j**2 + 11*j + 7. Let d(k) = 3*a(k) - 4*g(k). What is the hundreds digit of d(-7)?
3
Let z be 17008/(-10) + 3/(15/4). Let k = -586 - z. What is the units digit of k?
4
Let k(r) be the first derivative of 1/4*r**4 - 6*r - 19 - 4*r**2 - 2/3*r**3. What is the units digit of k(7)?
3
Suppose 3*m + 64 = -x - 56, 2*m = -6. Let v = x - -276. Suppose -5*n = -2*o - 92 - 139, -v = -4*n - 5*o. What is the tens digit of n?
4
Let z be (3/(-6))/((-3)/834). Suppose z*t - 127*t = 7164. What is the hundreds digit of t?
5
Let j = -2339 + 6346. What is the units digit of j?
7
Let s be (-25 + 20)*2/(-5). What is the hundreds digit of (-412)/(-1) - (-1)/s*6?
4
Let h be (-1508)/(-10) - (-88)/(-110). Let n = 47 + h. What is the hundreds digit of n?
1
Suppose 2*t - 1341 = -3*k, 0 = k - 4*t - 428 - 5. Let p = k - 119. What is the units digit of p?
6
Let a(o) = 4*o**2 + 27*o - 8. Let w be a(-7). Let l be 7/(-5) - w - (-185)/25. Suppose l*k - 380 = 2*k. What is the units digit of k?
6
Let r = -17715 + 26198. What is the thousands digit of r?
8
Let a(s) = -7*s**3 - 3*s**2 - 11*s - 37. Let v(c) = 14*c**3 + 7*c**2 + 23*c + 75. Let o(p) = -5*a(p) - 3*v(p). What is the tens digit of o(-4)?
6
Suppose -2*y + 2*g = -16430, -11*y + g - 24621 = -14*y. What is the units digit of y?
9
What is the tens digit of 19 + 17 + 26064 + -17?
8
Let u be 1/(-2) - 25/(-2). Let x be u/4*220/12. Let o = -11 + x. What is the units digit of o?
4
Let s = 252 + 168. Let n = s - 45. What is the hundreds digit of n?
3
Suppose y = 12 + 33. Let c = y - 59. What is the units digit of (-289)/(-7) - (-4)/c?
1
Let z(b) = -b**2 - 6*b + 19. Let m be z(-4). Suppose m*d - 5432 = 1210. What is the tens digit of d?
4
Let p(y) be the third derivative of y**4/24 + 19*y**3/6 + 23*y**2. Suppose -2*z - 16 = -3*z. What is the tens digit of p(z)?
3
Suppose -3*f + 4*m + 38518 = 0, 5*m - 46172 = -4*f + 5237. What is the thousands digit of f?
2
Suppose -9157 = -3*u + i, 38*u + 4*i - 3074 = 37*u. What is the tens digit of u?
5
Let s = -303 - -304. What is the tens digit of 52/39*((-219)/(-6) + s)?
5
Let n(s) = -s**3 - 10*s**2 - 24*s - 16. Let q be n(-7). Suppose 4*v = -v - l + 903, 2*v = -q*l + 375. What is the units digit of v?
0
Let p(x) be the second derivative of x**4/4 - x**3/6 + 15*x**2/2 - x. Let g = 643 - 648. What is the units digit of p(g)?
5
Suppose 4*u - 41761 = m, -4*m = -3*u - 10385 + 41709. What is the hundreds digit of u?
4
What is the units digit of (3 - 2) + 13*(376 + 5)?
4
Let b(a) = 73*a + 3271. What is the units digit of b(53)?
0
Let o = 38500 + -23906. What is the thousands digit of o?
4
Let o(f) = 45296*f**2 + 70*f - 69. What is the tens digit of o(1)?
9
Let h(a) = 10*a**2 - 9*a + 70. Suppose 2*i = 3*w + 7, -27*w = -4*i - 23*w + 16. What is the hundreds digit of h(i)?
2
Let l = 2322 + -6246. What is the units digit of l/(-30)*(-10)/(-3)?
6
Suppose -4346 = -f - 4*o, -111*o - 3 = -108*o. What is the tens digit of f?
5
What is the tens digit of 32847/(((-12)/18)/(3/(-9)) + 1)?
4
What is the thousands digit of 1*-9 + -3 + (216 - -57668)?
7
Let n(b) = 2*b - 1374 + 2*b + 1498 + 3*b**2. What is the tens digit of n(-19)?
3
Let u = -11250 + 15973. What is the hundreds digit of u?
7
Let g = 28738 + -16553. What is the tens digit of g?
8
Let f(l) = 5*l**2 + 43*l - 5. Suppose 0 = -10*x + 23 + 7. Suppose -29 = x*q + 7. What is the units digit of f(q)?
9
Suppose -5*y + 5*z = 5, 36 + 14 = -5*y - 4*z. What is the hundreds digit of 1437/(-27)*15/10*y?
4
Suppose -3*k - 5 = -11. Suppose 0 = 4*g - 2*g - 5*v + 5, -2*v = -5*g - k. Suppose -2*i + 4*x - 2*x + 12 = 0, g = 3*i - x - 12. What is the units digit of i?
3
Let x(m) = -249*m - 114. Let h be x(-6). What is the thousands digit of (-34 - -32) + h/1?
1
Let k(q) = 6*q**2 - 71*q - 13. Let d be k(12). Let w(n) = -412*n - 33. What is the units digit of w(d)?
9
Let w = 1399 - 397. What is the hundreds digit of w?
0
Let s(k) = 33*k - 10. Let l be s(5). What is the tens digit of 56792/l - (-4)/(-10)?
6
Let c(s) = -s**3 + 1. Let u(o) = -5*o**3 - o + 7. Let w(b) = -6*c(b) + u(b). Let t be w(-2). What is the tens digit of (-52 - 3)*11/t?
2
Let m = 48 + -43. Suppose -29 = -d - 2*d + 5*b, b - 95 = -m*d. What is the units digit of d?
8
Suppose -17*v + 18720 = -72944. Suppose -25*z + 17*z + v = 0. What is the hundreds digit of z?
6
Suppose 6 - 10 = 2*h